when 288641 is divided by 219.
218
Calculate the remainder when 509280 is divided by 24.
0
Calculate the remainder when 406867 is divided by 154.
153
What is the remainder when 2719 is divided by 903?
10
What is the remainder when 10106 is divided by 5037?
32
What is the remainder when 77038 is divided by 154?
38
Calculate the remainder when 93361 is divided by 133.
128
What is the remainder when 27416 is divided by 128?
24
What is the remainder when 7833 is divided by 246?
207
What is the remainder when 7444 is divided by 2476?
16
What is the remainder when 166088 is divided by 14?
6
What is the remainder when 138068 is divided by 77?
7
What is the remainder when 23999 is divided by 7996?
11
Calculate the remainder when 251397 is divided by 50.
47
Calculate the remainder when 17308 is divided by 129.
22
What is the remainder when 20147 is divided by 1259?
3
What is the remainder when 11553 is divided by 399?
381
What is the remainder when 625206 is divided by 21?
15
What is the remainder when 161901 is divided by 24?
21
Calculate the remainder when 158310 is divided by 154.
152
Calculate the remainder when 10403 is divided by 3.
2
What is the remainder when 118312 is divided by 499?
49
Calculate the remainder when 8809 is divided by 26.
21
Calculate the remainder when 71543 is divided by 124.
119
Calculate the remainder when 14146 is divided by 32.
2
Calculate the remainder when 40077 is divided by 371.
9
What is the remainder when 47702 is divided by 5961?
14
What is the remainder when 59978 is divided by 1616?
186
Calculate the remainder when 14482 is divided by 4814.
40
Calculate the remainder when 5156 is divided by 83.
10
Calculate the remainder when 8918 is divided by 449.
387
Calculate the remainder when 14643 is divided by 2089.
20
Calculate the remainder when 5919 is divided by 116.
3
Calculate the remainder when 88920 is divided by 605.
590
Calculate the remainder when 122828 is divided by 34.
20
Calculate the remainder when 17212 is divided by 50.
12
What is the remainder when 124495 is divided by 62?
61
What is the remainder when 55978 is divided by 96?
10
Calculate the remainder when 45950 is divided by 128.
126
Calculate the remainder when 574 is divided by 222.
130
What is the remainder when 1560909 is divided by 6?
3
What is the remainder when 203440 is divided by 137?
132
Calculate the remainder when 10089 is divided by 185.
99
What is the remainder when 65156 is divided by 462?
14
Calculate the remainder when 1920 is divided by 472.
32
What is the remainder when 10895 is divided by 48?
47
Calculate the remainder when 133094 is divided by 16620.
134
Calculate the remainder when 6888 is divided by 887.
679
Calculate the remainder when 1858 is divided by 3.
1
Calculate the remainder when 15188 is divided by 138.
8
Calculate the remainder when 353864 is divided by 88462.
16
Calculate the remainder when 889 is divided by 231.
196
What is the remainder when 5651 is divided by 73?
30
What is the remainder when 21954 is divided by 38?
28
Calculate the remainder when 11314 is divided by 298.
288
Calculate the remainder when 1461 is divided by 726.
9
Calculate the remainder when 4566 is divided by 216.
30
Calculate the remainder when 115152 is divided by 14394.
0
Calculate the remainder when 23084 is divided by 222.
218
What is the remainder when 97752 is divided by 21?
18
Calculate the remainder when 1042 is divided by 158.
94
What is the remainder when 14776 is divided by 3981?
2833
What is the remainder when 265262 is divided by 59?
57
What is the remainder when 2976910 is divided by 12?
10
What is the remainder when 3643 is divided by 322?
101
Calculate the remainder when 3846 is divided by 255.
21
Calculate the remainder when 85309 is divided by 316.
305
Calculate the remainder when 3670 is divided by 4.
2
Calculate the remainder when 3540 is divided by 701.
35
Calculate the remainder when 7115 is divided by 33.
20
What is the remainder when 14909 is divided by 403?
401
Calculate the remainder when 1497 is divided by 1129.
368
What is the remainder when 114706 is divided by 44?
42
What is the remainder when 219639 is divided by 1156?
1155
Calculate the remainder when 6692 is divided by 668.
12
What is the remainder when 207346 is divided by 63?
13
Calculate the remainder when 1852 is divided by 1418.
434
What is the remainder when 4874 is divided by 842?
664
What is the remainder when 782 is divided by 365?
52
Calculate the remainder when 39565 is divided by 13186.
7
Calculate the remainder when 8367 is divided by 13.
8
What is the remainder when 824 is divided by 379?
66
Calculate the remainder when 228055 is divided by 202.
199
What is the remainder when 190136 is divided by 95067?
2
What is the remainder when 6205 is divided by 46?
41
What is the remainder when 1265 is divided by 745?
520
Calculate the remainder when 10130 is divided by 239.
92
Calculate the remainder when 1233 is divided by 469.
295
What is the remainder when 13830 is divided by 2304?
6
What is the remainder when 6279 is divided by 1562?
31
Calculate the remainder when 5829 is divided by 531.
519
What is the remainder when 704 is divided by 56?
32
What is the remainder when 5137 is divided by 564?
61
Calculate the remainder when 45809 is divided by 416.
49
Calculate the remainder when 1770 is divided by 1725.
45
Calculate the remainder when 15759 is divided by 127.
11
What is the remainder when 18247 is divided by 108?
103
What is the remainder when 465250 is divided by 46524?
10
Calculate the remainder when 152987 is divided by 61.
60
Calculate the remainder when 48 is divided by 37.
11
Calculate the remainder when 469916 is divided by 15.
11
What is the remainder when 245274 is divided by 1284?
30
What is the remainder when 1967 is divided by 2?
1
Calculate the remainder when 912804 is divided by 63.
60
What is the remainder when 6037 is divided by 1997?
46
Calculate the remainder when 21170 is divided by 605.
600
Calculate the remainder when 1263833 is divided by 421271.
20
Calculate the remainder when 796881 is divided by 819.
813
Calculate the remainder when 4900 is divided by 914.
330
Calculate the remainder when 5484 is divided by 311.
197
What is the remainder when 2005 is divided by 168?
157
Calculate the remainder when 1147789 is divided by 24.
13
Calculate the remainder when 6028736 is divided by 18.
14
Calculate the remainder when 46946 is divided by 25.
21
Calculate the remainder when 72760 is divided by 221.
51
Calculate the remainder when 14459 is divided by 4712.
323
Calculate the remainder when 3167 is divided by 589.
222
What is the remainder when 4607125 is divided by 94?
91
What is the remainder when 233386 is divided by 1691?
28
What is the remainder when 12302 is divided by 345?
227
What is the remainder when 99002 is divided by 183?
182
Calculate the remainder when 3638 is divided by 917.
887
Calculate the remainder when 532083 is divided by 287.
272
What is the remainder when 2366 is divided by 42?
14
Calculate the remainder when 565 is divided by 262.
41
What is the remainder when 12421 is divided by 199?
83
What is the remainder when 7559 is divided by 456?
263
Calculate the remainder when 4864 is divided by 681.
97
Calculate the remainder when 13446 is divided by 4476.
18
Calculate the remainder when 540 is divided by 42.
36
What is the remainder when 240677 is divided by 22?
19
Calculate the remainder when 2760 is divided by 455.
30
What is the remainder when 948118 is divided by 32?
22
What is the remainder when 585729 is divided by 508?
5
Calculate the remainder when 20953 is divided by 238.
9
What is the remainder when 5651 is divided by 307?
125
Calculate the remainder when 35329 is divided by 1102.
65
Calculate the remainder when 86091 is divided by 21517.
23
Calculate the remainder when 7337 is divided by 874.
345
Calculate the remainder when 20077 is divided by 186.
175
What is the remainder when 44853 is divided by 36?
33
What is the remainder when 11315 is divided by 12?
11
What is the remainder when 2449 is divided by 350?
349
What is the remainder when 373 is divided by 176?
21
What is the remainder when 752309 is divided by 103?
100
Calculate the remainder when 7293 is divided by 56.
13
What is the remainder when 9